a = 18 - 11. Suppose 3*z = 3*n - 9, -4*n - 11 = z + a. Let l(u) = u + 6. What is l(z)?
0
Suppose -4*w + 0*w = 0. Let q(l) = -l**3 + l**2 + l - 3. Give q(w).
-3
Let m(l) = -l**3 + l + 14. Let g = -19 - -19. Determine m(g).
14
Let n(s) = -2*s**3 + 2*s**2 + 5. Let l(w) = 3*w**3 - 4*w**2 + w - 9. Let b(k) = 3*l(k) + 5*n(k). Calculate b(2).
-12
Let l(u) = u**2 - 13*u + 17. Let h be l(11). Let k(x) be the third derivative of x**4/24 + 7*x**3/6 + 2*x**2. Give k(h).
2
Suppose -18*s + 3*s = 90. Let w(n) = n + 5. Give w(s).
-1
Let j(z) = -2*z + 5. Let t(r) = r - 1. Let v(h) = j(h) + 3*t(h). Give v(-3).
-1
Let p(a) = 14*a**2 + 10*a - 10. Let y(o) = -5*o**2 - 3*o + 3. Let b(g) = 2*p(g) + 7*y(g). Calculate b(1).
-7
Let g(z) = -13*z - 4. Let d(a) = 2*a + 1. Let k(m) = 5*d(m) + g(m). Give k(-4).
13
Let y(a) = a**2 - 22*a + 15*a + 9*a - 2. What is y(3)?
13
Let v(z) be the second derivative of 1/2*z**3 - 1/20*z**5 - 1/3*z**4 + 0 - 3*z**2 + 7*z. What is v(-5)?
4
Let u(s) be the third derivative of s**4/8 + s**3 - 6*s**2. Calculate u(-6).
-12
Let l = 7 - 5. Let b = -5 - -7. Let n(a) = -4*a - b - 2 - l. Give n(-4).
10
Let g(z) = -2*z + 1. Let u(n) = n. Suppose -4*p + 3 = -1. Let b(v) = p*u(v) + g(v). Determine b(-2).
3
Suppose 3*w - s = -0*w + 12, w - s - 2 = 0. Let z(u) be the first derivative of 2 - 2*u**2 + 0 - 3*u + 3*u**2. What is z(w)?
7
Let k(y) = -y**2 + 3*y + 1. Suppose -4*p + 2*p + 12 = o, 0 = -4*p + o + 12. Give k(p).
-3
Suppose -5 = -4*o + 3. Let p = o + 1. Let g(f) = -4 + f + 1 + p. Determine g(-1).
-1
Let j = -5 - -1. Let a(h) = -21*h**2 + 13*h**2 + h + 9*h**2 - 5. Give a(j).
7
Let l be 11/4 - 2/(-8). Let y(q) = -l - 2*q**2 + 1 + 1. Suppose -3*r = -5*n - 17, 0 = -3*n - n - 16. What is y(r)?
-3
Let n(h) = -3*h**2 + 19*h**2 + 2*h**3 - 3*h**3 - 3*h**2 - 11*h - 14. What is n(12)?
-2
Suppose -4*a + 17 = 1. Let i(b) = b - 8. Let w be ((-3)/(-3)*-1)/1. Let m(c) = -1. Let d(n) = w*i(n) + 6*m(n). Determine d(a).
-2
Let x(y) be the first derivative of 8*y**3/3 - y**2/2 - 5. What is x(1)?
7
Let s be (-3)/2 - (-2)/4. Let h(x) be the third derivative of -x**6/120 + x**5/60 + 7*x**2. Calculate h(s).
2
Let r(t) = 4*t**3 - 7*t**2 + 5*t - 12. Let k(f) = f**3 - f - 1. Let j(w) = 3*k(w) - r(w). Let g = 84 + -78. What is j(g)?
-3
Let y(s) = -s + 2*s**2 - s - 3*s**2 - 4 - 2*s. Give y(-3).
-1
Let s(z) be the second derivative of -z**3/3 - 5*z**2/2 - 4*z. Suppose -2*t - 3*t = 10. Let q be 1/1*8/t. Determine s(q).
3
Let x(s) = -s**2 - 7*s - 6*s**2 + s**2 - 9*s**2 - 5. Let m(i) = 7*i**2 + 3*i + 2. Let u be -2*(-3)/18*18. Let n(k) = u*x(k) + 13*m(k). What is n(3)?
-4
Suppose -22 = -5*t - 2. Let k(h) = -3*h + 649 + 2*h - 641. Calculate k(t).
4
Let c(q) = -3*q**2 + 16*q + 10. Let b(k) = k**2 - 8*k - 6. Let i(d) = -5*b(d) - 2*c(d). What is i(-7)?
3
Let g(l) = -l**2 - 4*l + 2. Suppose -11 = 6*i - 2*i - 3*x, x + 23 = -4*i. Determine g(i).
-3
Let c(m) = 2*m**3 + m**2 - 4*m - 1. Let l(q) = 1. Let t(b) = -c(b) + 2*l(b). Determine t(-2).
7
Let d be -1*(-12)/(-8)*-2. Let i(x) = x**3 - 2*x**2 - 3*x. What is i(d)?
0
Let k(d) be the first derivative of -d**4/24 - d**3/6 + d**2/2 + 1. Let f(w) be the second derivative of k(w). Suppose 0 = u + 1 - 0. What is f(u)?
0
Let o(q) = -2*q + 1. Let w(n) = -n**2 - 12*n - 8. Let k be w(-11). Suppose 1 = -2*u + k. Give o(u).
-1
Let t(m) = -m**2 + 3*m + 1. Let h be 8/(-6) + (-4)/6. Let u be 12/3 + (-2)/h. Determine t(u).
-9
Suppose 0 = v + 4*z + 8, -3*z - 4 = 5*v + 2. Let l(n) be the first derivative of -n - 2 + 1/2*n**2. Calculate l(v).
-1
Let f(u) = -16*u - 8. Let m(w) = -9*w - 7. Let t(b) = -8*b - 6. Let o(p) = -3*m(p) + 4*t(p). Let j(k) = 3*f(k) - 10*o(k). Determine j(-4).
-2
Let y(l) = -l**2 - 7*l - 5. Suppose 2*p - 7*p = -55. Let x(f) = -f + 5. Let n be x(-2). Let t = n - p. Calculate y(t).
7
Let b(q) be the first derivative of -1/20*q**5 - 5/2*q**2 + 1 - 1/3*q**4 + 0*q**3 + q. Let d(y) be the first derivative of b(y). Calculate d(-4).
-5
Let q(t) = t**2 + 7*t - 10. Suppose -4*f = -4*m - 28, 0 = -5*f + 2*f - 3. Give q(m).
-2
Let q(p) = p - 13. Suppose -5*o = -2*s - 43, -5*s - 11 = 5*o - 61. Let v be q(o). Let y(x) = -x**2 - 2*x. Determine y(v).
-8
Let o(g) = -4*g + 4. Let p be 0 + ((-6)/(-3) - 2). Suppose y + x = -p*x - 2, -y = -5*x - 28. Determine o(y).
-8
Let g(t) be the third derivative of t**6/120 - t**5/15 - t**4/24 + t**3/3 - 12*t**2. What is g(3)?
-10
Let o(n) = -5*n + 1. Let v be o(-1). Let d(a) = -5*a - 2*a - 1 - 2*a + v*a. Calculate d(-1).
2
Let n = 2 + -3. Suppose i + 16 = 3*l, -2*i - 4*l + 24 = -4*i. Let g(d) = -1. Let z(y) = -y**2 - y + 4. Let h(c) = i*g(c) - z(c). Calculate h(n).
0
Let w(f) = 4*f**3 + 2*f + 1. Let g(b) = b**3 + b**2 - 2*b - 3. Let z be g(-2). Let x be (3 + 1 + z)/(-1). Calculate w(x).
-5
Let z(w) be the second derivative of 9*w**5/20 + w**4/12 - w**2/2 + w. Let l be (4 + 78/(-21))/(2/7). Calculate z(l).
9
Let q(t) = -4*t - 11. Let o(a) = -3*a - 12. Let g(s) = -3*o(s) + 2*q(s). Let i(c) = 1. Let f(w) = -g(w) + 6*i(w). Calculate f(-7).
-1
Suppose 2*j - 3*j - 1 = 0. Let l(t) be the third derivative of 0*t + 9*t**2 + 0 - 1/24*t**4 + 1/60*t**5 + 0*t**3. Calculate l(j).
2
Let v(w) = -2*w**3 - w**2 + w + 1. Let q(x) = -x + 1. Let b be q(0). Suppose -u + 4*d = -3 - b, -2 = -u + 3*d. Let c = u + 2. Calculate v(c).
11
Let n(c) = -c - 5. Suppose 0 = -u - 2 - 3. Calculate n(u).
0
Suppose -4*i = -3*i - 2. Let n(g) = 4*g**i + 4*g**3 - 2*g**2 - 4*g**2 + g + 3*g**3. What is n(1)?
6
Let y = 2 - 2. Suppose 2*c = -c - r + 5, y = 4*c + 5*r - 3. Let l(g) = 2 + 1 + 3*g - c*g. What is l(-3)?
0
Let l(n) = -10*n + 8. Let f(m) = m - 1. Let t(j) = 40*f(j) + 5*l(j). Let d be 1 + -2 + 2 - 0. What is t(d)?
-10
Let c(z) = -7*z**2 + 5*z - 12. Let p(q) = -4*q**2 + 2*q - 6. Let h(y) = 3*c(y) - 5*p(y). Determine h(4).
-2
Let t be (-4)/6 - 44/(-12). Let m(q) = 1 + q**2 - 3 - 1. Determine m(t).
6
Let i(n) = n**3 - 4*n**2 + 3*n - 17. Let b be i(4). Let v(m) = 4 - m - 6*m**2 - 2 - m**3 - 4*m. What is v(b)?
2
Let r = -46 - -41. Let c(u) = -u + 1. Calculate c(r).
6
Let g(j) be the second derivative of -j**4/4 + j**2/2 + 25*j. Calculate g(2).
-11
Let m(n) = 3*n**3 + 18*n**2 + 10*n - 8. Let r(w) = -w**3 - 6*w**2 - 3*w + 3. Let x(f) = 4*m(f) + 11*r(f). Calculate x(-5).
-9
Let a(u) = -u**2 + u + 1. Let v be a(-1). Let r(z) be the first derivative of -z**3/3 - z**2/2 - z - 16. Calculate r(v).
-1
Let s(d) = 5*d**3 - 1. Let j be (-4 + 9)*(12/10 + -1). Determine s(j).
4
Let c(f) = -5*f - 3. Suppose 6*a + 10 = -2. Give c(a).
7
Let w(h) = 6*h + 0*h - 3*h - 4*h + 1. Let j be w(6). Let q(x) = -x + 4. What is q(j)?
9
Let f(k) = 2*k - 5*k + 5*k - 2 - 3*k. Give f(-4).
2
Let m(b) be the third derivative of b**5/30 - b**4/12 - 12*b**2. Give m(2).
4
Let n(f) = -f**3 - 5*f**2 - 5. Let a = -32 + 27. Calculate n(a).
-5
Let r = 45 - 51. Let i(z) = -2*z - 8. Calculate i(r).
4
Suppose 2*u + 0 - 7 = -i, 0 = -5*u - 3*i + 20. Let r(a) = -7*a**3 - 2*a**2 - 4*a - 5. Let z(v) = v + 1. Let q(b) = -r(b) - 5*z(b). Give q(u).
8
Let z(k) = k - 1. Suppose -u = 2*w - 10, u + 3*w - 10 = 2*w. Suppose -2 = -2*x + u. Calculate z(x).
5
Let o(v) = 2*v - v + 12 - 12. Let r(a) = -a + 4. Let m(i) = 4*i - 11. Let s(k) = -2*m(k) - 7*r(k). Let c be s(-7). Determine o(c).
1
Let s(p) = p**2 + 7*p + 1. Let k(x) = 2*x**2 + x - 1. Let y be k(-2). Let w = y + 2. Suppose w*u = 3*u - 20. Determine s(u).
-9
Let i(l) = l**2 - 4*l. Let f be i(5). Let p(q) = q**3 + 9*q**2 + 6*q + 2. Let k(y) = 2*y**3 + 17*y**2 + 12*y + 4. Let u(m) = f*p(m) - 3*k(m). What is u(-5)?
3
Let g(t) = -t**3 - t**2. Let s(p) = -3*p**3 - 7*p**2 - p - 2. Let y(l) = 2*g(l) - s(l). Suppose x = 6*x - 50. Suppose -x = 2*o - 0. What is y(o)?
-3
Let o(k) = 9*k**3 + 1. Let g be 3*1/3 + 2. Suppose 1 = -g*x - 2. Give o(x).
-8
Let t(m) = -38*m**2 - 11*m. Let z(k) = -13*k**2 - 4*k. Let i(f) = -4*t(f) + 11*z(f). Let o = 22 - 16. Let v be 6/o*(-2 - -1). Give i(v).
9
Let v(m) = 2*m**2 - 5*m - 3. Let g(n) = n**2 - 3*n - 2. Let s(h) = 5*g(h) - 2*v(h). Let p be (16/24)/(2/15). Determine s(p).
-4
Suppose -13 = -2*i - 5. Let m(q) = -2*q**3 - q + 2. Let p(a) = -3*a**3 + a**2 - a + 3. Let h(s) = 4*m(s) - 3*p(s). Calculate h(i).
11
Let s be 4 - 3/6*0. Suppose s*b - 32 = -0*b. Let o(g) = 5*g - b - 2*g - 5*g. Give o(-6).
4
Suppose -2*u = -2, 5*w + 0*u + 10 = -5